{"id":666,"date":"2023-02-28T18:25:07","date_gmt":"2023-02-28T18:25:07","guid":{"rendered":"https:\/\/www.casasdelcaribe.com\/quepasa\/?page_id=666"},"modified":"2023-03-01T15:04:31","modified_gmt":"2023-03-01T15:04:31","slug":"punta-uva-paraiso-tropical-caribe-sur-costa-rica","status":"publish","type":"page","link":"https:\/\/www.casasdelcaribe.com\/quepasa\/punta-uva-paraiso-tropical-caribe-sur-costa-rica\/","title":{"rendered":"Punta Uva: un para\u00edso tropical en el Caribe Sur de Costa Rica"},"content":{"rendered":"\n<div class=\"wp-block-media-text alignfull has-media-on-the-right is-stacked-on-mobile is-vertically-aligned-top has-text-color has-background has-link-color wp-elements-085f8685f50569e25a650f7917a63b97\" style=\"color:#fffdc7;background-color:#121c1c;grid-template-columns:auto 35%\"><div class=\"wp-block-media-text__content\">\n<div class=\"wp-block-group has-link-color wp-elements-739046443ce084533aea9b5531d8e9e6\" style=\"padding-top:2em;padding-right:2em;padding-bottom:2em;padding-left:2em\"><div class=\"wp-block-group__inner-container is-layout-flow wp-block-group-is-layout-flow\">\n<h2 class=\"wp-block-heading\" style=\"font-size:48px;font-weight:700;line-height:1.15\">Punta Uva,   Costa Rica<\/h2>\n\n\n\n<p class=\"has-text-color has-link-color wp-elements-8f9cdbf6bbada9b96617555a4184c6d5\" style=\"color:#fffdc7\"><strong><a href=\"https:\/\/www.casasdelcaribe.com\/alquiler\/alquileres-punta-uva-d459479\/\" target=\"_blank\" rel=\"noreferrer noopener\">Nuestras Casas \u2192<\/a><\/strong><\/p>\n<\/div><\/div>\n<\/div><figure class=\"wp-block-media-text__media\"><img loading=\"lazy\" decoding=\"async\" width=\"503\" height=\"630\" src=\"https:\/\/www.casasdelcaribe.com\/quepasa\/wp-content\/uploads\/2023\/02\/panorama-503x630.png\" alt=\"\" class=\"wp-image-673 size-full\"\/><\/figure><\/div>\n\n\n\n<h2 class=\"alignwide wp-block-heading\" id=\"we-re-a-studio-in-berlin-with-an-international-practice-in-architecture-urban-planning-and-interior-design-we-believe-in-sharing-knowledge-and-promoting-dialogue-to-increase-the-creative-potential-of-collaboration\" style=\"font-size:48px;line-height:1.1\">Si estas buscando disfrutar del sol, el mar y la naturaleza a la vez, Punta Uva es tu mejor opci\u00f3n. <\/h2>\n\n\n\n<p>Con su exhuberante selva tropical, sus aguas cristalinas y playas de arena blanca, es un verdadero para\u00edso para cualquier amante del sol y el mar.<\/p>\n\n\n\n<p>Pero Punta Uva no solo es una playa hermosa, tambi\u00e9n es un destino tur\u00edstico ideal para aquellos que buscan aventuras. Aqu\u00ed te presentamos algunas de las actividades que puedes hacer en Punta Uva:<\/p>\n\n\n\n<p><strong>Mirador del oc\u00e9ano y kayak:<\/strong> El mirador del oc\u00e9ano es un lugar impresionante donde se puede ver kil\u00f3metros de costa y la exuberante selva. Desde aqu\u00ed, se puede tomar un kayak a trav\u00e9s de un t\u00fanel natural en las rocas, donde se puede ver la vida silvestre como perezosos, aves y monos aulladores.<\/p>\n\n\n\n<p><strong>Buceo y snorkel:<\/strong> Si prefieres explorar el mundo submarino, Punta Uva es un excelente lugar para bucear y hacer snorkel. Las aguas cristalinas de la playa te permitir\u00e1n ver una gran variedad de especies marinas, como tortugas, peces tropicales y corales.<\/p>\n\n\n\n<p><strong>Senderismo: <\/strong>Punta Uva cuenta con una gran cantidad de senderos que te permitir\u00e1n explorar el bosque tropical que rodea la playa. Podr\u00e1s ver una gran variedad de animales, como monos aulladores, perezosos, iguanas y p\u00e1jaros tropicales.<\/p>\n\n\n\n<p><strong>Relajarse en la playa:<\/strong> Por supuesto, una de las mejores cosas que hacer en Punta Uva es simplemente relajarse en la playa. Con su suave arena blanca y aguas turquesas, es el lugar perfecto para tomar el sol y disfrutar de la belleza natural de Costa Rica.<\/p>\n\n\n\n<p><strong>Comida y bebida local:<\/strong> Punta Uva es hogar de varios restaurantes y bares que ofrecen deliciosa comida local y refrescantes bebidas tropicales. No pierdas la oportunidad de probar mariscos frescos, batidos de frutas tropicales y platos tradicionales de Costa Rica.<\/p>\n\n\n\n<p>Si buscas una escapada pac\u00edfica e id\u00edlica en Costa Rica, Punta Uva es el destino perfecto. Y para tu m\u00e1xima comodidad, hosp\u00e9date en una de nuestras casas vacacionales, ubicadas a solo unos pasos de la playa, los senderos, y dem\u00e1s atracciones.<\/p>\n\n\n\n<div class=\"wp-block-media-text alignwide is-stacked-on-mobile\"><figure class=\"wp-block-media-text__media\"><a href=\"https:\/\/www.casasdelcaribe.com\/alquiler\/alquileres-punta-uva-d459479\/\"><img loading=\"lazy\" decoding=\"async\" width=\"1024\" height=\"630\" src=\"https:\/\/www.casasdelcaribe.com\/quepasa\/wp-content\/uploads\/2023\/02\/SB__3187-XL-1024x630.jpg\" alt=\"\" class=\"wp-image-676 size-full\"\/><\/a><\/figure><div class=\"wp-block-media-text__content\">\n<p>\u00bfBuscas la casa perfecta en la playa? Nosotros te ayudamos a encontrar la opci\u00f3n ideal para ti. <\/p>\n\n\n\n<p>Dale click y and\u00e1 a ver todas nuestras opciones, o simplemente envi\u00e1nos un whatsapp.<\/p>\n<\/div><\/div>\n\n\n\n<p class=\"has-text-align-center\">No olvides visitarnos en nuestras redes sociales<\/p>\n\n\n\n<ul class=\"wp-block-social-links is-style-logos-only is-content-justification-center is-layout-flex wp-container-core-social-links-is-layout-16018d1d wp-block-social-links-is-layout-flex\"><li class=\"wp-social-link wp-social-link-facebook  wp-block-social-link\"><a href=\"https:\/\/www.facebook.com\/casasdelcaribe\" class=\"wp-block-social-link-anchor\"><svg width=\"24\" height=\"24\" viewBox=\"0 0 24 24\" version=\"1.1\" xmlns=\"http:\/\/www.w3.org\/2000\/svg\" aria-hidden=\"true\" focusable=\"false\"><path d=\"M12 2C6.5 2 2 6.5 2 12c0 5 3.7 9.1 8.4 9.9v-7H7.9V12h2.5V9.8c0-2.5 1.5-3.9 3.8-3.9 1.1 0 2.2.2 2.2.2v2.5h-1.3c-1.2 0-1.6.8-1.6 1.6V12h2.8l-.4 2.9h-2.3v7C18.3 21.1 22 17 22 12c0-5.5-4.5-10-10-10z\"><\/path><\/svg><span class=\"wp-block-social-link-label screen-reader-text\">Facebook<\/span><\/a><\/li>\n\n<li class=\"wp-social-link wp-social-link-instagram  wp-block-social-link\"><a href=\"https:\/\/www.instagram.com\/casasdelcaribe\/\" class=\"wp-block-social-link-anchor\"><svg width=\"24\" height=\"24\" viewBox=\"0 0 24 24\" version=\"1.1\" xmlns=\"http:\/\/www.w3.org\/2000\/svg\" aria-hidden=\"true\" focusable=\"false\"><path d=\"M12,4.622c2.403,0,2.688,0.009,3.637,0.052c0.877,0.04,1.354,0.187,1.671,0.31c0.42,0.163,0.72,0.358,1.035,0.673 c0.315,0.315,0.51,0.615,0.673,1.035c0.123,0.317,0.27,0.794,0.31,1.671c0.043,0.949,0.052,1.234,0.052,3.637 s-0.009,2.688-0.052,3.637c-0.04,0.877-0.187,1.354-0.31,1.671c-0.163,0.42-0.358,0.72-0.673,1.035 c-0.315,0.315-0.615,0.51-1.035,0.673c-0.317,0.123-0.794,0.27-1.671,0.31c-0.949,0.043-1.233,0.052-3.637,0.052 s-2.688-0.009-3.637-0.052c-0.877-0.04-1.354-0.187-1.671-0.31c-0.42-0.163-0.72-0.358-1.035-0.673 c-0.315-0.315-0.51-0.615-0.673-1.035c-0.123-0.317-0.27-0.794-0.31-1.671C4.631,14.688,4.622,14.403,4.622,12 s0.009-2.688,0.052-3.637c0.04-0.877,0.187-1.354,0.31-1.671c0.163-0.42,0.358-0.72,0.673-1.035 c0.315-0.315,0.615-0.51,1.035-0.673c0.317-0.123,0.794-0.27,1.671-0.31C9.312,4.631,9.597,4.622,12,4.622 M12,3 C9.556,3,9.249,3.01,8.289,3.054C7.331,3.098,6.677,3.25,6.105,3.472C5.513,3.702,5.011,4.01,4.511,4.511 c-0.5,0.5-0.808,1.002-1.038,1.594C3.25,6.677,3.098,7.331,3.054,8.289C3.01,9.249,3,9.556,3,12c0,2.444,0.01,2.751,0.054,3.711 c0.044,0.958,0.196,1.612,0.418,2.185c0.23,0.592,0.538,1.094,1.038,1.594c0.5,0.5,1.002,0.808,1.594,1.038 c0.572,0.222,1.227,0.375,2.185,0.418C9.249,20.99,9.556,21,12,21s2.751-0.01,3.711-0.054c0.958-0.044,1.612-0.196,2.185-0.418 c0.592-0.23,1.094-0.538,1.594-1.038c0.5-0.5,0.808-1.002,1.038-1.594c0.222-0.572,0.375-1.227,0.418-2.185 C20.99,14.751,21,14.444,21,12s-0.01-2.751-0.054-3.711c-0.044-0.958-0.196-1.612-0.418-2.185c-0.23-0.592-0.538-1.094-1.038-1.594 c-0.5-0.5-1.002-0.808-1.594-1.038c-0.572-0.222-1.227-0.375-2.185-0.418C14.751,3.01,14.444,3,12,3L12,3z M12,7.378 c-2.552,0-4.622,2.069-4.622,4.622S9.448,16.622,12,16.622s4.622-2.069,4.622-4.622S14.552,7.378,12,7.378z M12,15 c-1.657,0-3-1.343-3-3s1.343-3,3-3s3,1.343,3,3S13.657,15,12,15z M16.804,6.116c-0.596,0-1.08,0.484-1.08,1.08 s0.484,1.08,1.08,1.08c0.596,0,1.08-0.484,1.08-1.08S17.401,6.116,16.804,6.116z\"><\/path><\/svg><span class=\"wp-block-social-link-label screen-reader-text\">Instagram<\/span><\/a><\/li>\n\n<li class=\"wp-social-link wp-social-link-whatsapp  wp-block-social-link\"><a href=\"https:\/\/wa.me\/50689767543\" class=\"wp-block-social-link-anchor\"><svg width=\"24\" height=\"24\" viewBox=\"0 0 24 24\" version=\"1.1\" xmlns=\"http:\/\/www.w3.org\/2000\/svg\" aria-hidden=\"true\" focusable=\"false\"><path d=\"M 12.011719 2 C 6.5057187 2 2.0234844 6.478375 2.0214844 11.984375 C 2.0204844 13.744375 2.4814687 15.462563 3.3554688 16.976562 L 2 22 L 7.2324219 20.763672 C 8.6914219 21.559672 10.333859 21.977516 12.005859 21.978516 L 12.009766 21.978516 C 17.514766 21.978516 21.995047 17.499141 21.998047 11.994141 C 22.000047 9.3251406 20.962172 6.8157344 19.076172 4.9277344 C 17.190172 3.0407344 14.683719 2.001 12.011719 2 z M 12.009766 4 C 14.145766 4.001 16.153109 4.8337969 17.662109 6.3417969 C 19.171109 7.8517969 20.000047 9.8581875 19.998047 11.992188 C 19.996047 16.396187 16.413812 19.978516 12.007812 19.978516 C 10.674812 19.977516 9.3544062 19.642812 8.1914062 19.007812 L 7.5175781 18.640625 L 6.7734375 18.816406 L 4.8046875 19.28125 L 5.2851562 17.496094 L 5.5019531 16.695312 L 5.0878906 15.976562 C 4.3898906 14.768562 4.0204844 13.387375 4.0214844 11.984375 C 4.0234844 7.582375 7.6067656 4 12.009766 4 z M 8.4765625 7.375 C 8.3095625 7.375 8.0395469 7.4375 7.8105469 7.6875 C 7.5815469 7.9365 6.9355469 8.5395781 6.9355469 9.7675781 C 6.9355469 10.995578 7.8300781 12.182609 7.9550781 12.349609 C 8.0790781 12.515609 9.68175 15.115234 12.21875 16.115234 C 14.32675 16.946234 14.754891 16.782234 15.212891 16.740234 C 15.670891 16.699234 16.690438 16.137687 16.898438 15.554688 C 17.106437 14.971687 17.106922 14.470187 17.044922 14.367188 C 16.982922 14.263188 16.816406 14.201172 16.566406 14.076172 C 16.317406 13.951172 15.090328 13.348625 14.861328 13.265625 C 14.632328 13.182625 14.464828 13.140625 14.298828 13.390625 C 14.132828 13.640625 13.655766 14.201187 13.509766 14.367188 C 13.363766 14.534188 13.21875 14.556641 12.96875 14.431641 C 12.71875 14.305641 11.914938 14.041406 10.960938 13.191406 C 10.218937 12.530406 9.7182656 11.714844 9.5722656 11.464844 C 9.4272656 11.215844 9.5585938 11.079078 9.6835938 10.955078 C 9.7955938 10.843078 9.9316406 10.663578 10.056641 10.517578 C 10.180641 10.371578 10.223641 10.267562 10.306641 10.101562 C 10.389641 9.9355625 10.347156 9.7890625 10.285156 9.6640625 C 10.223156 9.5390625 9.737625 8.3065 9.515625 7.8125 C 9.328625 7.3975 9.131125 7.3878594 8.953125 7.3808594 C 8.808125 7.3748594 8.6425625 7.375 8.4765625 7.375 z\"><\/path><\/svg><span class=\"wp-block-social-link-label screen-reader-text\">WhatsApp<\/span><\/a><\/li><\/ul>\n","protected":false},"excerpt":{"rendered":"<p>Si estas buscando disfrutar del sol, el mar y la naturaleza a la vez, Punta Uva es tu mejor opci\u00f3n&#8230;.<\/p>\n","protected":false},"author":2,"featured_media":447,"parent":0,"menu_order":0,"comment_status":"open","ping_status":"closed","template":"","meta":{"footnotes":""},"class_list":["post-666","page","type-page","status-publish","has-post-thumbnail","hentry"],"yoast_head":"<!-- This site is optimized with the Yoast SEO plugin v20.7 - https:\/\/yoast.com\/wordpress\/plugins\/seo\/ -->\n<title>Punta Uva: un para\u00edso tropical en el Caribe Sur de Costa Rica - Casas del Caribe<\/title>\n<meta name=\"description\" content=\"Si estas buscando un lugar donde disfrutar del sol, el mar y la naturaleza a la vez, Punta Uva es tu mejor opci\u00f3n.\" \/>\n<meta name=\"robots\" content=\"index, follow, max-snippet:-1, max-image-preview:large, max-video-preview:-1\" \/>\n<link rel=\"canonical\" href=\"https:\/\/www.casasdelcaribe.com\/quepasa\/punta-uva-paraiso-tropical-caribe-sur-costa-rica\/\" \/>\n<meta property=\"og:locale\" content=\"es_ES\" \/>\n<meta property=\"og:type\" content=\"article\" \/>\n<meta property=\"og:title\" content=\"Punta Uva: un para\u00edso tropical en el Caribe Sur de Costa Rica - Casas del Caribe\" \/>\n<meta property=\"og:description\" content=\"Si estas buscando un lugar donde disfrutar del sol, el mar y la naturaleza a la vez, Punta Uva es tu mejor opci\u00f3n.\" \/>\n<meta property=\"og:url\" content=\"https:\/\/www.casasdelcaribe.com\/quepasa\/punta-uva-paraiso-tropical-caribe-sur-costa-rica\/\" \/>\n<meta property=\"og:site_name\" content=\"Casas del Caribe\" \/>\n<meta property=\"article:modified_time\" content=\"2023-03-01T15:04:31+00:00\" \/>\n<meta property=\"og:image\" content=\"https:\/\/www.casasdelcaribe.com\/quepasa\/wp-content\/uploads\/2022\/04\/aerial-Punta-Uva-Manuel-Pinto-2.jpg\" \/>\n\t<meta property=\"og:image:width\" content=\"800\" \/>\n\t<meta property=\"og:image:height\" content=\"600\" \/>\n\t<meta property=\"og:image:type\" content=\"image\/jpeg\" \/>\n<meta name=\"twitter:card\" content=\"summary_large_image\" \/>\n<meta name=\"twitter:label1\" content=\"Tiempo de lectura\" \/>\n\t<meta name=\"twitter:data1\" content=\"3 minutos\" \/>\n<script type=\"application\/ld+json\" class=\"yoast-schema-graph\">{\"@context\":\"https:\/\/schema.org\",\"@graph\":[{\"@type\":\"WebPage\",\"@id\":\"https:\/\/www.casasdelcaribe.com\/quepasa\/punta-uva-paraiso-tropical-caribe-sur-costa-rica\/\",\"url\":\"https:\/\/www.casasdelcaribe.com\/quepasa\/punta-uva-paraiso-tropical-caribe-sur-costa-rica\/\",\"name\":\"Punta Uva: un para\u00edso tropical en el Caribe Sur de Costa Rica - Casas del Caribe\",\"isPartOf\":{\"@id\":\"https:\/\/www.casasdelcaribe.com\/quepasa\/#website\"},\"datePublished\":\"2023-02-28T18:25:07+00:00\",\"dateModified\":\"2023-03-01T15:04:31+00:00\",\"description\":\"Si estas buscando un lugar donde disfrutar del sol, el mar y la naturaleza a la vez, Punta Uva es tu mejor opci\u00f3n.\",\"breadcrumb\":{\"@id\":\"https:\/\/www.casasdelcaribe.com\/quepasa\/punta-uva-paraiso-tropical-caribe-sur-costa-rica\/#breadcrumb\"},\"inLanguage\":\"es\",\"potentialAction\":[{\"@type\":\"ReadAction\",\"target\":[\"https:\/\/www.casasdelcaribe.com\/quepasa\/punta-uva-paraiso-tropical-caribe-sur-costa-rica\/\"]}]},{\"@type\":\"BreadcrumbList\",\"@id\":\"https:\/\/www.casasdelcaribe.com\/quepasa\/punta-uva-paraiso-tropical-caribe-sur-costa-rica\/#breadcrumb\",\"itemListElement\":[{\"@type\":\"ListItem\",\"position\":1,\"name\":\"Portada\",\"item\":\"https:\/\/www.casasdelcaribe.com\/quepasa\/\"},{\"@type\":\"ListItem\",\"position\":2,\"name\":\"Punta Uva: un para\u00edso tropical en el Caribe Sur de Costa Rica\"}]},{\"@type\":\"WebSite\",\"@id\":\"https:\/\/www.casasdelcaribe.com\/quepasa\/#website\",\"url\":\"https:\/\/www.casasdelcaribe.com\/quepasa\/\",\"name\":\"Casas del Caribe\",\"description\":\"Explore Puerto Viejo through our eyes!\",\"potentialAction\":[{\"@type\":\"SearchAction\",\"target\":{\"@type\":\"EntryPoint\",\"urlTemplate\":\"https:\/\/www.casasdelcaribe.com\/quepasa\/?s={search_term_string}\"},\"query-input\":\"required name=search_term_string\"}],\"inLanguage\":\"es\"},{\"@type\":\"Person\",\"@id\":\"https:\/\/www.casasdelcaribe.com\/quepasa\/#\/schema\/person\/1d25a0413475f8b491a5c6b48da4a43a\",\"name\":\"casasdelcaribe\",\"image\":{\"@type\":\"ImageObject\",\"inLanguage\":\"es\",\"@id\":\"https:\/\/www.casasdelcaribe.com\/quepasa\/#\/schema\/person\/image\/\",\"url\":\"https:\/\/secure.gravatar.com\/avatar\/45eb94673b2056581868d09eeea3cc6d13acec452e000ae99c520fa089cd7cd1?s=96&d=mm&r=g\",\"contentUrl\":\"https:\/\/secure.gravatar.com\/avatar\/45eb94673b2056581868d09eeea3cc6d13acec452e000ae99c520fa089cd7cd1?s=96&d=mm&r=g\",\"caption\":\"casasdelcaribe\"},\"sameAs\":[\"http:\/\/www.casasdelcaribe.com\",\"https:\/\/www.facebook.com\/casasdelcaribe\",\"https:\/\/www.instagram.com\/casasdelcaribe\/\"],\"url\":\"https:\/\/www.casasdelcaribe.com\/quepasa\/author\/casasdelcaribe\/\"}]}<\/script>\n<!-- \/ Yoast SEO plugin. -->","yoast_head_json":{"title":"Punta Uva: un para\u00edso tropical en el Caribe Sur de Costa Rica - Casas del Caribe","description":"Si estas buscando un lugar donde disfrutar del sol, el mar y la naturaleza a la vez, Punta Uva es tu mejor opci\u00f3n.","robots":{"index":"index","follow":"follow","max-snippet":"max-snippet:-1","max-image-preview":"max-image-preview:large","max-video-preview":"max-video-preview:-1"},"canonical":"https:\/\/www.casasdelcaribe.com\/quepasa\/punta-uva-paraiso-tropical-caribe-sur-costa-rica\/","og_locale":"es_ES","og_type":"article","og_title":"Punta Uva: un para\u00edso tropical en el Caribe Sur de Costa Rica - Casas del Caribe","og_description":"Si estas buscando un lugar donde disfrutar del sol, el mar y la naturaleza a la vez, Punta Uva es tu mejor opci\u00f3n.","og_url":"https:\/\/www.casasdelcaribe.com\/quepasa\/punta-uva-paraiso-tropical-caribe-sur-costa-rica\/","og_site_name":"Casas del Caribe","article_modified_time":"2023-03-01T15:04:31+00:00","og_image":[{"width":800,"height":600,"url":"https:\/\/www.casasdelcaribe.com\/quepasa\/wp-content\/uploads\/2022\/04\/aerial-Punta-Uva-Manuel-Pinto-2.jpg","type":"image\/jpeg"}],"twitter_card":"summary_large_image","twitter_misc":{"Tiempo de lectura":"3 minutos"},"schema":{"@context":"https:\/\/schema.org","@graph":[{"@type":"WebPage","@id":"https:\/\/www.casasdelcaribe.com\/quepasa\/punta-uva-paraiso-tropical-caribe-sur-costa-rica\/","url":"https:\/\/www.casasdelcaribe.com\/quepasa\/punta-uva-paraiso-tropical-caribe-sur-costa-rica\/","name":"Punta Uva: un para\u00edso tropical en el Caribe Sur de Costa Rica - Casas del Caribe","isPartOf":{"@id":"https:\/\/www.casasdelcaribe.com\/quepasa\/#website"},"datePublished":"2023-02-28T18:25:07+00:00","dateModified":"2023-03-01T15:04:31+00:00","description":"Si estas buscando un lugar donde disfrutar del sol, el mar y la naturaleza a la vez, Punta Uva es tu mejor opci\u00f3n.","breadcrumb":{"@id":"https:\/\/www.casasdelcaribe.com\/quepasa\/punta-uva-paraiso-tropical-caribe-sur-costa-rica\/#breadcrumb"},"inLanguage":"es","potentialAction":[{"@type":"ReadAction","target":["https:\/\/www.casasdelcaribe.com\/quepasa\/punta-uva-paraiso-tropical-caribe-sur-costa-rica\/"]}]},{"@type":"BreadcrumbList","@id":"https:\/\/www.casasdelcaribe.com\/quepasa\/punta-uva-paraiso-tropical-caribe-sur-costa-rica\/#breadcrumb","itemListElement":[{"@type":"ListItem","position":1,"name":"Portada","item":"https:\/\/www.casasdelcaribe.com\/quepasa\/"},{"@type":"ListItem","position":2,"name":"Punta Uva: un para\u00edso tropical en el Caribe Sur de Costa Rica"}]},{"@type":"WebSite","@id":"https:\/\/www.casasdelcaribe.com\/quepasa\/#website","url":"https:\/\/www.casasdelcaribe.com\/quepasa\/","name":"Casas del Caribe","description":"Explore Puerto Viejo through our eyes!","potentialAction":[{"@type":"SearchAction","target":{"@type":"EntryPoint","urlTemplate":"https:\/\/www.casasdelcaribe.com\/quepasa\/?s={search_term_string}"},"query-input":"required name=search_term_string"}],"inLanguage":"es"},{"@type":"Person","@id":"https:\/\/www.casasdelcaribe.com\/quepasa\/#\/schema\/person\/1d25a0413475f8b491a5c6b48da4a43a","name":"casasdelcaribe","image":{"@type":"ImageObject","inLanguage":"es","@id":"https:\/\/www.casasdelcaribe.com\/quepasa\/#\/schema\/person\/image\/","url":"https:\/\/secure.gravatar.com\/avatar\/45eb94673b2056581868d09eeea3cc6d13acec452e000ae99c520fa089cd7cd1?s=96&d=mm&r=g","contentUrl":"https:\/\/secure.gravatar.com\/avatar\/45eb94673b2056581868d09eeea3cc6d13acec452e000ae99c520fa089cd7cd1?s=96&d=mm&r=g","caption":"casasdelcaribe"},"sameAs":["http:\/\/www.casasdelcaribe.com","https:\/\/www.facebook.com\/casasdelcaribe","https:\/\/www.instagram.com\/casasdelcaribe\/"],"url":"https:\/\/www.casasdelcaribe.com\/quepasa\/author\/casasdelcaribe\/"}]}},"_links":{"self":[{"href":"https:\/\/www.casasdelcaribe.com\/quepasa\/wp-json\/wp\/v2\/pages\/666","targetHints":{"allow":["GET"]}}],"collection":[{"href":"https:\/\/www.casasdelcaribe.com\/quepasa\/wp-json\/wp\/v2\/pages"}],"about":[{"href":"https:\/\/www.casasdelcaribe.com\/quepasa\/wp-json\/wp\/v2\/types\/page"}],"author":[{"embeddable":true,"href":"https:\/\/www.casasdelcaribe.com\/quepasa\/wp-json\/wp\/v2\/users\/2"}],"replies":[{"embeddable":true,"href":"https:\/\/www.casasdelcaribe.com\/quepasa\/wp-json\/wp\/v2\/comments?post=666"}],"version-history":[{"count":3,"href":"https:\/\/www.casasdelcaribe.com\/quepasa\/wp-json\/wp\/v2\/pages\/666\/revisions"}],"predecessor-version":[{"id":767,"href":"https:\/\/www.casasdelcaribe.com\/quepasa\/wp-json\/wp\/v2\/pages\/666\/revisions\/767"}],"wp:featuredmedia":[{"embeddable":true,"href":"https:\/\/www.casasdelcaribe.com\/quepasa\/wp-json\/wp\/v2\/media\/447"}],"wp:attachment":[{"href":"https:\/\/www.casasdelcaribe.com\/quepasa\/wp-json\/wp\/v2\/media?parent=666"}],"curies":[{"name":"wp","href":"https:\/\/api.w.org\/{rel}","templated":true}]}}